
Suppose 3*c + 5*q = 16404, 21843 = 4*c - 346*q + 343*q. List the prime factors of c.
3, 607
Suppose 4*f = 5*f - 2. Suppose -2*d - f*x = 8, -4*x - 5 = x. What are the prime factors of d/(-12)*4 + 42?
43
Suppose -2*n + 3 = -i - 3, 4*i + 4*n = 36. Suppose 20 = i*c - 0*c. Suppose c*h + 2*k = 123, 2*h - 33 + 7 = 5*k. What are the prime factors of h?
23
Let y(f) = 3*f - 28. Let x be y(8). Let o(g) = -2*g**3 - 5*g**2 - g + 4. List the prime factors of o(x).
2, 7
Suppose -3324 = -7*u - 1273. What are the prime factors of u?
293
Let o = 136 - 59. Suppose -10*g + 24 = -2*g. Suppose -4*p = -o - g. What are the prime factors of p?
2, 5
Let q(w) = -w**3 + 23*w**2 - 15*w - 77. What are the prime factors of q(17)?
2, 701
Suppose 4*w = -0*w + 20, 0 = -3*x + 2*w + 44. Suppose 38 = s - x. List the prime factors of s.
2, 7
Let o = -110 - -104. What are the prime factors of (-5328)/(-40) + 1 + o/5?
7, 19
Let z = 196 + -169. What are the prime factors of z?
3
Let t(d) = -2*d**3 + 26*d**2 - 15. List the prime factors of t(11).
7, 67
Let q = -1 + 5. Suppose 3*m + p + 28 = 0, -p = -2*m - 6*p - 36. What are the prime factors of ((-5)/q)/(2/m)?
5
Let q = 2848 - 1741. What are the prime factors of q?
3, 41
Let d(w) = 13*w**3 - w. Let o be d(-1). Let q be (-2)/o - 30/(-36). What are the prime factors of q/(-3*2/(-132))?
2, 11
Let o be ((-28)/(-63))/((-2)/(-9)). Suppose 3*l = 5*c - 0*l - 44, o*l = -5*c + 54. List the prime factors of c.
2, 5
Suppose 7*f - 8 = 20. List the prime factors of (-3 - -1)*(-226)/f.
113
List the prime factors of 503 - 10 - (1 - 0).
2, 3, 41
Suppose 9*f + 91 = 1585. List the prime factors of f.
2, 83
Let g = 10 - 9. List the prime factors of 47 + (-1 + 1)*g.
47
Let r be 3/(-1) + 887 + 11. Suppose 2*a + s = 7*a - r, -5*s - 203 = -a. Let p = -127 + a. List the prime factors of p.
3, 17
Suppose -2*g + 2*n - 4*n = -1206, -5*n - 25 = 0. What are the prime factors of g?
2, 19
Let t be ((-257)/3 + (-5)/15)*-2. Suppose 4*b - t = 2*b. List the prime factors of b.
2, 43
Let m(l) = l**2 - 5*l - 8. Let r be m(6). List the prime factors of -15*(-2 + r/3).
2, 5
Let d(l) = 51*l**2 + 6*l - 21. List the prime factors of d(5).
2, 3, 107
Let n(z) = z - 7. Let i be 2/((-2)/(-3))*1. Let a be n(i). What are the prime factors of (39/(-6) + -1)*a?
2, 3, 5
Let z(p) = p**3 - 4*p**2 - 12*p + 103. List the prime factors of z(7).
2, 83
Suppose 5*c = -4*c + 12*c. Suppose -s + 2*n = -c*n - 117, 482 = 4*s - n. List the prime factors of s.
11
Let p be (-18 - 2) + (-6 - -8). Let c be 32/p - 30/135. What are the prime factors of (-43 + -1)/(c - 0)?
2, 11
Suppose 0 = 5*y - 5*c - 12380, -27*c + 9908 = 4*y - 29*c. List the prime factors of y.
2, 3, 7, 59
Let x(z) = -9*z**3 + 4*z + 1. Suppose 2*k - 1 = 3. Let h be x(k). Let q = -26 - h. List the prime factors of q.
37
What are the prime factors of 3 + 17406/63 + 8/(-28)?
3, 31
Let l = -81 + 134. Let j = 79 + l. List the prime factors of j.
2, 3, 11
Let p = 8 + -4. List the prime factors of (-4)/(((-6)/p)/3).
2
Suppose -w + 2112 - 327 = 0. List the prime factors of (2/6)/(-2 + w/891).
3, 11
Let u = -629 + 989. List the prime factors of u.
2, 3, 5
Let v be -6*(-3)/9*22. Let g be (-4)/6 + 134/(-6). Let n = g + v. List the prime factors of n.
3, 7
Suppose 7*g = -4 + 25. Suppose -5*i + 4*v = 217 + 477, -g*v + 130 = -i. Let z = -64 - i. List the prime factors of z.
2, 3, 13
Suppose 1116 = 8*t + 4*t. Let k = t - 1. What are the prime factors of k?
2, 23
Let r(j) = j**3 + 2*j**2 + 4*j + 2. Let w be r(-4). Let n = w - 78. Let i = -89 - n. List the prime factors of i.
5, 7
Let c be (-21)/2*(-12)/(-9). Let p = 29 + c. List the prime factors of p.
3, 5
Let f(k) = k**3 - 15*k**2 + 17*k - 4. Let z be f(14). Let i = 25 + z. What are the prime factors of i?
3, 7
Let o(n) = 19*n + 23. Let r be o(-10). Let p = r + 243. List the prime factors of p.
2, 19
Let p = -26 - -22. Let l(i) = -10*i + 3. What are the prime factors of l(p)?
43
Let c(u) be the third derivative of -5*u**4/6 - 2*u**3/3 + 6*u**2. Let p be c(2). What are the prime factors of (p/8 - -1)*-8?
2, 3
Suppose i = 3*m - 14 + 1, 2*i - 3*m = -41. Let f(z) = z**2 + 29*z + 38. List the prime factors of f(i).
2, 5
Suppose 5*q + 5*a = 310, -2*a - 14 = -6. Suppose 2*r - q - 258 = 0. What are the prime factors of r?
2, 3
Suppose 3*l = -4*a + 716, 4 = 4*l - 3*l. List the prime factors of a.
2, 11
Let r(q) be the third derivative of -q**6/120 - 3*q**5/20 - 11*q**4/24 + 5*q**3/6 + 77*q**2. Let k = -6 - 2. List the prime factors of r(k).
29
Let h(u) = u**2 - u + 26. Let p(j) = -5*j**2 + 5*j - 104. Let r(z) = 9*h(z) + 2*p(z). Let g = 25 - 25. What are the prime factors of r(g)?
2, 13
List the prime factors of 7154/(14/(-7) + 4) - -6.
3583
Suppose -12 = -11*t + 5*t. Let l = 5 - 14. Let i = t - l. List the prime factors of i.
11
Let f = -3589 - -5931. List the prime factors of f.
2, 1171
Let d = -941 - -1397. What are the prime factors of d?
2, 3, 19
Suppose 0 = 50*q + 9409 - 106959. What are the prime factors of q?
1951
Let z be 7/(28/408) + 0. Let v be (0 - 1)/((-2)/z). Let i = v + -29. What are the prime factors of i?
2, 11
Suppose -o - 5*d = -6*o, -2*o + 4*d + 8 = 0. Let i be (o/(-12))/(2/54). Let h = 17 - i. What are the prime factors of h?
2
List the prime factors of ((-84)/49 + 0)/((-4)/518).
2, 3, 37
Suppose 12*a + 1252 = 2*n + 7*a, 4*n = 3*a + 2476. List the prime factors of n.
2, 7, 11
Let r = 2434 + -1901. What are the prime factors of r?
13, 41
Suppose 4*b = 3*u - 2617, -5*u + 4351 = -b - 3*b. What are the prime factors of u?
3, 17
Let v(u) = u**2 + 2*u - 13. Let g be v(-5). What are the prime factors of (254 - 1)/(2/g)?
11, 23
Let s(a) = a**3 - 14*a**2 - 5*a. Let c(q) = -2*q**3 + 27*q**2 + 11*q - 1. Let i(y) = -4*c(y) - 7*s(y). Suppose n + 22 = 3*n. List the prime factors of i(n).
2, 13
Suppose -76*b = -65*b - 1089. What are the prime factors of b?
3, 11
Suppose 0 = 3*z - 6 - 6. Let x = z - -8. List the prime factors of 3/x + 615/20.
31
Let n(y) be the third derivative of y**6/120 - y**5/15 + y**4/24 + y**3 - 4*y**2. Let p be n(6). What are the prime factors of (-1 + 0)/((-6)/p)?
2, 7
Let w be 3 + 64/(-9 - -1). Let c(t) be the second derivative of -11*t**3/6 - 2*t**2 + 2*t. What are the prime factors of c(w)?
3, 17
Let a(r) = 3*r**2 - 50*r + 61. Let x(m) = -m**2 + 17*m - 20. Let v(h) = -4*a(h) - 11*x(h). Let o be v(10). What are the prime factors of (28 + -2)*12/o?
2, 13
Let g = -153 + 255. Suppose 2*f = 286 - g. List the prime factors of f.
2, 23
Suppose -w + 3 = i, 2*w + i - 8 = -3*i. Let h(o) = 6*o**3 - 3*o**2 + 7*o - 2. List the prime factors of h(w).
2, 3
Suppose 0*p + 108 = j + 5*p, 5*p + 276 = 2*j. What are the prime factors of j?
2
Suppose 5*k + 13*w - 636 = 11*w, 4*k - 4*w - 492 = 0. What are the prime factors of k?
2, 3, 7
What are the prime factors of 1847998/590 + (4/5 - 1)?
2, 3, 29
Let j = 6235 - 2862. List the prime factors of j.
3373
Let p(w) = w**3 + 3*w**2 - 2*w - 5. Let u be p(-4). Let a = u + 20. List the prime factors of a.
7
Let o be 236/7 - (-30)/105. Suppose 5*t - 2*r - 86 = 0, -5*r + 12 + o = 2*t. List the prime factors of t.
2, 3
Suppose 16 = -3*q - 0*h - 2*h, -19 = 2*q + 3*h. Let y be 58/18 + q/9. Suppose t - 18 = -2*t + y*b, 51 = 4*t + 5*b. What are the prime factors of t?
3
Let m be (-27)/(-63) + (-160)/14. Let j = m - -9. What are the prime factors of j/(-9) + 3864/108?
2, 3
Let i be 2/8 + 7/4. Suppose 34 + 206 = 5*w - 5*f, i*w + 3*f - 81 = 0. What are the prime factors of w?
3, 5
Suppose 2*q - 3*k - 1 = -3*q, 3*q - k = 3. Suppose 11*l = 9*l + q. What are the prime factors of l/(-7) + (-319)/(-77)?
2
Suppose 4*q - 136 = 3*q. Suppose 4*z = -0*z + q. Let m = z - 8. List the prime factors of m.
2, 13
Let q = -8 + 12. Let k(x) = -x + 8. Let h be k(q). List the prime factors of h/(-22) + 171/33.
5
Let r = -302 + 158. Let n = 243 + r. What are the prime factors of n?
3, 11
Let h(m) be the third derivative of m**6/60 - m**5/60 - m**4/24 - m**3/3 + 13*m**2. List the prime factors of h(3).
2, 5
Let y = -5008 + 8299. What are the prime factors of y?
3, 1097
Let b be (2 + -44)*6/(-12). Let o = b - 19. Suppose -30 = -o*h + 26. List the prime factors of h.
2, 7
Let c be 3*(4/(-12))/(-1). Let x be c/(3 + 42/(-15)). Let a(f) = f**3 - 5*f**2 + 4*f. List the prime factors of a(